mon divisor of 7 and n.
7
Suppose 2*z - 3 = 3. Suppose -z*j + 6*j = 0. Suppose j = 3*h - 11 - 1, 4*p - h - 284 = 0. Calculate the greatest common factor of 9 and p.
9
Let n = -6 - -13. Let t = -5 + n. Suppose -t*g + 4 = -8. What is the highest common divisor of 3 and g?
3
Suppose h - 168 = -2*h. Suppose 10 - 17 = -d. What is the highest common divisor of h and d?
7
Let o be ((-14)/(-3))/((-2)/(-3)). Suppose 2*w - 2 = -0*w. Let s be (-230)/(-3) + w/3. What is the highest common divisor of o and s?
7
Let g be (-6)/(2 + -1 - 3). Suppose -4*c + 200 = -4*l, c + g*l - 214 = -3*c. Let b = -23 + 36. Calculate the highest common divisor of b and c.
13
Let g(n) = -n**3 + 27*n**2 - 25*n - 22. Let h be g(26). What is the greatest common divisor of 8 and h?
4
Let v = 100 - 91. Suppose -6*r = 5*i - r - 5, -2*r = -3*i + 3. Calculate the highest common divisor of i and v.
1
Let l(u) = -u - 6. Let t be l(-7). What is the highest common divisor of 3 and t?
1
Let o be 1/((-15)/3)*-5. Let x(r) = -r**3 - 8*r**2 - 7*r + 3. Let z be x(-7). Calculate the greatest common factor of z and o.
1
Let j be (-1)/(-1)*(-36 - -10). Let u = -6 - j. Suppose -2*h - 3*o - 5 = -1, 5*h + 2*o - 12 = 0. Calculate the greatest common factor of u and h.
4
Let l = 8 + -1. Suppose 4*f = -3*z - l, z - 3*f = -2*f - 14. Let m be (-60)/z*42/4. What is the highest common divisor of m and 10?
10
Let a = 11 - -3. Suppose p + 0*p - a = 0. Let t(o) = -28*o. Let m be t(-1). Calculate the greatest common divisor of m and p.
14
Let i(f) = -f**3 + 9*f**2 - 9*f + 11. Let w be i(8). Suppose 16 - 40 = -w*r. What is the greatest common divisor of 64 and r?
8
Let v be 14 + (-1 - 2) - 3. What is the highest common divisor of v and 32?
8
Suppose -4*u = -8 - 4. Calculate the highest common factor of u and 1.
1
Let r = 21 + -20. Calculate the greatest common divisor of 2 and r.
1
Suppose -4*w = -2*o - 20, -5*o + w - 3 - 11 = 0. Let a = 9 + -7. Let m be 1*o/a + 23. What is the greatest common factor of m and 2?
2
Let d = 7 - -6. Let x(t) be the first derivative of 11*t**3/3 - t**2 - t + 1. Let r be x(-3). Calculate the highest common factor of d and r.
13
Let b = 45 - -49. Suppose -4*z + 6*z = -u + 106, 2*z - b = -4*u. Calculate the highest common divisor of 22 and z.
11
Let n(m) = -3*m**3 + 2*m**2 + 5. Let d(h) = 6*h**3 - 4*h**2 - 9. Let p(u) = -6*d(u) - 11*n(u). Let a be p(-1). Calculate the highest common factor of a and 10.
2
Let w be (1 - (-7)/3)*(-108)/(-10). What is the greatest common divisor of 108 and w?
36
Let l be (1 - 1)/(0 - -1). Let c = 3 - l. Let j = -10 - -34. What is the greatest common divisor of j and c?
3
Let a(y) = 4*y**2 + 6*y - 5. Let g be a(6). Calculate the greatest common factor of 25 and g.
25
Let w = -7 - -11. Suppose 1 = p - w*d, 0 = -4*p - d - d + 4. What is the greatest common divisor of 9 and p?
1
Let y = -71 + 85. Calculate the highest common divisor of y and 56.
14
Suppose -5*z - 2*j = -0*z - 14, -35 = -5*z + 5*j. Let y be (-2)/3 - 64/(-6). What is the highest common factor of y and z?
2
Suppose -24 = -3*m - w, 0 = -3*m + 3*w + 26 - 2. Suppose -5*f - 62 = -3*c, 0 = -4*c + 3*f + 53 + 37. What is the highest common factor of c and m?
8
Let b be 4/(-4) + 125 - -2. What is the highest common factor of 14 and b?
14
Let z be ((-72)/45 - 0)*(-65 - 0). Let m(c) = 26*c**2 + c + 1. Let j be m(-1). What is the greatest common factor of j and z?
26
Let j = -23 + 121. What is the greatest common factor of 56 and j?
14
Let s(c) = c**2 + c + 4. Let r be s(0). Suppose h = -3*i - 4, r*h - 6 - 18 = -2*i. Calculate the greatest common factor of h and 16.
8
Let l(p) be the second derivative of p**5/20 + 7*p**4/12 - p**3/2 + 7*p**2/2 + 4*p. Let i be l(-7). Calculate the greatest common factor of i and 70.
14
Suppose 0 = 3*q + 2 - 14. Let x = 6 - q. Suppose -o + 6 + 2 = 0. What is the highest common divisor of x and o?
2
Suppose 3*x - 4*x + 36 = 4*b, 27 = 3*b + 5*x. Let f(c) = -c**2 + 11*c - 7. Let l be f(b). What is the greatest common divisor of l and 77?
11
Let u(k) = 2*k**2 - k + 6. Let g be u(-10). What is the greatest common factor of 27 and g?
27
Suppose 3*g - 94 = 59. What is the highest common factor of 17 and g?
17
Let u(y) = y**3 - 5*y**2 + y**3 + 1 + 0*y**2. Let g be u(4). Suppose 6*n = 3*n + 21. What is the greatest common divisor of g and n?
7
Suppose -7*c + 95 = 18. Calculate the greatest common divisor of c and 55.
11
Suppose 0 = -6*t - 2 + 50. Calculate the highest common factor of t and 16.
8
Let r(u) = -u**3 + 5*u**2 - 3*u - 5. Let c be r(4). Let n be c + 2*(-3 - -5). Let h = 18 - n. What is the greatest common factor of 165 and h?
15
Suppose 86 = 3*o + 2*q, -q + 29 = o - 0*q. Calculate the highest common factor of o and 42.
14
Let n be 18/((-9)/(-3))*6. Let r be (-5)/(-10) + 17/2. Calculate the highest common factor of n and r.
9
Let r be (-1 + 2)/(15/90). What is the highest common divisor of r and 222?
6
Let s be ((-64)/(-20) - 4)*-35. What is the greatest common divisor of s and 280?
28
Suppose -3*n = -b + 3*b - 8, -4*b + 4 = 0. Suppose 3*c - h = 87, -4*c + h + 109 = 2*h. Suppose 0*t + 2*t = c. What is the greatest common factor of n and t?
2
Let u = -1 + 1. Suppose 0*c + 5*c + 80 = u. Let n = c + 28. Calculate the highest common divisor of 36 and n.
12
Let w be ((-524)/8)/((-1)/(-6)). Let j = -206 - w. What is the greatest common divisor of j and 17?
17
Let r be 3*(4 - 33/9). Let h be (-25)/(-4) + (-2)/8. Let l be (h/(-15))/(r/(-175)). Calculate the highest common factor of l and 10.
10
Let h = 52 + -40. Calculate the highest common factor of h and 12.
12
Let k(z) = z**2 - 7*z + 9. Let o be k(7). Calculate the greatest common divisor of 81 and o.
9
Let r = 522 + 159. Suppose 5*s = 2*d + r, 0 = -4*s + 5*s + d - 132. What is the highest common factor of s and 27?
27
Suppose 20 = -4*u, 3*p - 5*u - 37 = p. What is the greatest common divisor of p and 2?
2
Suppose -5*s + 35 + 15 = 0. Suppose -56 = -4*f + 4*t, 4*t + t + s = 0. Calculate the greatest common factor of 8 and f.
4
Let x be -2 + 6 - (3 + -86). Calculate the highest common divisor of x and 58.
29
Let y = 11 - 11. Suppose y = z - 2*z + 133. What is the highest common factor of 19 and z?
19
Suppose -c - 17 + 89 = 0. Suppose -4*v = 5*d - c, -20 = 2*v - 2*d - 56. What is the highest common factor of 6 and v?
6
Let j be 2/7 + (-103)/(-7). Suppose 3*n - 36 = -3*n. What is the highest common divisor of n and j?
3
Suppose r - 5*r = -4. Calculate the greatest common factor of 1 and r.
1
Suppose -4*p - 3*j + 4 = 0, j = -p - 2 + 3. Let f be 1/(p + 48/(-52)). What is the highest common factor of 13 and f?
13
Let q(d) = 8*d + 3. Let u be q(4). Let g be (-1)/3*-3 + u. Calculate the highest common factor of 9 and g.
9
Let u be ((-18)/15)/((-3)/390). Suppose -2*p = -5*p + u. What is the highest common divisor of 130 and p?
26
Let h = 21 + -8. Calculate the highest common divisor of h and 52.
13
Let c be (-3)/(-6) + 69/2. Let h = 69 - c. Let q(p) = -p**3 - 11*p**2 - 10*p + 17. Let x be q(-10). What is the greatest common divisor of h and x?
17
Suppose -7 = -4*c + 9. Calculate the highest common divisor of 28 and c.
4
Suppose 0 = -n - 4*n + 315. Suppose 0 = 8*g - 3*g + 45. Let w = g - -16. What is the highest common factor of n and w?
7
Suppose 0 = -0*g - g + 12. Let s be 6/(-9)*(-180)/2. Suppose -b + 6*b = s. What is the greatest common divisor of b and g?
12
Let y = 15 + -11. Suppose -y*d - 308 = -8*d. What is the greatest common factor of d and 11?
11
Let k = 1 - 1. Let x = 9 + k. Let f = 27 - -72. What is the highest common factor of f and x?
9
Suppose -h = 2*r - 6*r + 27, r - 12 = h. Let k = h + 34. Calculate the highest common factor of k and 3.
3
Let o = -31 + 43. Suppose 4*k - 6 = -3*c, 6*c - c - 5*k = 10. Suppose -c*i + g + 3*g + 172 = 0, 5*g = -5. What is the greatest common divisor of o and i?
12
Suppose 5*s = 2*s + 6. Suppose 0 = -5*r + 2*f + f - 10, 2*f = -s*r - 4. Let z be ((-12)/(-5))/(r/(-15)). What is the highest common factor of 162 and z?
18
Let n = 355 - 248. Let k(s) = -s**3 - 7*s**2 - 9*s - 4. Let d be k(-7). Let y = n - d. Calculate the greatest common factor of 32 and y.
16
Suppose 0 = -2*c - 3*r + 39, -3*c + r + 4*r = -49. Suppose 16 = -j + a + 93, 4*j - 2*a - 298 = 0. Calculate the greatest common factor of